-3 + -15750410?
-15750413
In base 9, what is 64674 + -2722?
61852
In base 6, what is 30252 + 443344?
514040
In base 2, what is -100 + -1100000011001011101101?
-1100000011001011110001
In base 5, what is 10 + -12120242233?
-12120242223
In base 9, what is -34 + 8277387?
8277353
In base 2, what is 11001100110101010100001 - 0?
11001100110101010100001
In base 7, what is 3401061445 - 1?
3401061444
In base 6, what is 1242014034 - -5?
1242014043
In base 14, what is -42b42 + 215?
-4292b
In base 12, what is -436 - 727?
-b61
In base 10, what is 27513 + -6879?
20634
In base 7, what is -1523 - -23636?
22113
In base 4, what is -332232011021 + -10?
-332232011031
In base 2, what is 1011001010000 - -10110110111100011?
11000010000110011
In base 16, what is 1 + adffa?
adffb
In base 3, what is 12 + 1000112221111002?
1000112221111021
In base 14, what is 6 - -7dad3a?
7dad42
In base 16, what is 4037eb + 8?
4037f3
In base 14, what is -972d0 - -9?
-972c5
In base 11, what is 3 + -14a26386?
-14a26383
In base 4, what is -1 - 1122233331?
-1122233332
In base 6, what is 322 - -14031324?
14032050
In base 15, what is -47a2c1 - -c?
-47a2b4
In base 10, what is 120 - 433617?
-433497
In base 4, what is 1232 - 21213213?
-21211321
In base 8, what is -56 - -501054?
500776
In base 5, what is 4201401 - 213?
4201133
In base 11, what is -5118 + 3154?
-1a74
In base 3, what is 12221000 - 2111202020?
-2021211020
In base 5, what is -34 - -323224233?
323224144
In base 7, what is -4530143003 - -1?
-4530143002
In base 16, what is 12627c57 - 3?
12627c54
In base 14, what is -29c54 + 3b8?
-2987a
In base 8, what is -1776610 - 20?
-1776630
In base 16, what is -7188f1 - -2?
-7188ef
In base 16, what is -1c9 - 3167?
-3330
In base 8, what is 531 + -141477?
-140746
In base 7, what is 3 - -346625450?
346625453
In base 2, what is 10001100101 + -101000111011110000?
-101000101010001011
In base 10, what is 4 + 3294436?
3294440
In base 10, what is -286700078 + 1?
-286700077
In base 3, what is 11022111 + 11222222?
100022110
In base 9, what is 245320 - -7?
245327
In base 11, what is 5 - 115508a7?
-115508a2
In base 10, what is -55 + -82415?
-82470
In base 7, what is 3136 - -343?
3512
In base 5, what is 114143 + -141231?
-22033
In base 3, what is -121002202 + -120122?
-121200101
In base 12, what is -382918a1 + 5?
-38291898
In base 7, what is -6252261 + 223?
-6252035
In base 10, what is -5 - -1416140?
1416135
In base 14, what is -6a3 - -391b?
3258
In base 7, what is -110433110 + 15?
-110433062
In base 3, what is 10110 - 111122110220?
-111122100110
In base 13, what is -2ac735 + -284?
-2ac9b9
In base 4, what is 13211223 + -103200?
13102023
In base 7, what is 1323461 + 5626?
1332420
In base 8, what is 133301544 + -5?
133301537
In base 4, what is -1120 + -2101?
-3221
In base 5, what is -4241231 + -134?
-4241420
In base 16, what is -24b64f - 0?
-24b64f
In base 11, what is 1707 + -870?
947
In base 7, what is 256150 + -25032?
231115
In base 16, what is -98 - e54?
-eec
In base 3, what is 1022121002120 + 222?
1022121010112
In base 10, what is 85003685 - 4?
85003681
In base 9, what is 4 + -1020556?
-1020552
In base 12, what is 2b68 - 150?
2a18
In base 9, what is -350 - -8487?
8137
In base 6, what is 1514 - 131155?
-125241
In base 14, what is 1 + -4036b2?
-4036b1
In base 8, what is 24721076 - 30?
24721046
In base 12, what is 18 + -1b3140?
-1b3124
In base 14, what is -3 + -18b972a?
-18b972d
In base 15, what is 5542 + cd2?
6324
In base 16, what is -49798f + 7?
-497988
In base 15, what is -7 + 8c5ac9?
8c5ac2
In base 5, what is 0 - -111230233?
111230233
In base 7, what is 12120 - -314?
12434
In base 5, what is 10 + -4314140130?
-4314140120
In base 5, what is 14 - 33111320332?
-33111320313
In base 16, what is 29d28bf - -2?
29d28c1
In base 15, what is -4a346 + 1?
-4a345
In base 7, what is 5 - -24424650?
24424655
In base 3, what is -1001202 + -100000?
-1101202
In base 3, what is -1221110202102121 - 11?
-1221110202102202
In base 4, what is -30100 - -3320312?
3230212
In base 9, what is -144 - 22054?
-22208
In base 10, what is 86 + -172312?
-172226
In base 2, what is 10 - -11110111100000111010010100?
11110111100000111010010110
In base 15, what is 25 + -a3875?
-a3850
In base 7, what is -22404 + 604?
-21500
In base 12, what is -1b + -b93623?
-b93642
In base 15, what is 6 - -1e50e4?
1e50ea
In base 4, what is -3 - -20313003123?
20313003120
In base 3, what is -1001000101102 - 111?
-1001000101220
In base 10, what is -4 - 6613390?
-6613394
In base 11, what is 4256491 + -3?
4256489
In base 14, what is -2cdacd + 0?
-2cdacd
In base 13, what is -1 - 520a112?
-520a113
In base 9, what is 1182430605 + 1?
1182430606
In base 2, what is 1100001 - -101111000011011111010?
101111000011101011011
In base 15, what is -30 + -a35497?
-a354c7
In base 12, what is 23 + 274337?
27435a
In base 16, what is 3435 + 814?
3c49
In base 7, what is 3 + 101126325?
101126331
In base 7, what is 125600461 - 4?
125600454
In base 2, what is -1111010101101001010 + 1110?
-1111010101100111100
In base 13, what is -95ac6 + 1771?
-94355
In base 4, what is 20323303 + 10300?
21000203
In base 8, what is -1 + 5067442?
5067441
In base 12, what is 41133812 + -5?
41133809
In base 9, what is -182456471 + -2?
-182456473
In base 16, what is 28 + -d5b15?
-d5aed
In base 10, what is 390242484 - -2?
390242486
In base 15, what is 3 + 5455a4?
5455a7
In base 15, what is -67 - -65834?
657bc
In base 6, what is 130351 + 5140?
135531
In base 6, what is 44002 - 21142?
22420
In base 11, what is -143 - -a02426?
a02293
In base 5, what is -1011231123 - 114?
-1011231242
In base 14, what is -4658323 + -1?
-4658324
In base 11, what is 1 - 2074a?
-20749
In base 2, what is 1001001111011001001010 - -101?
1001001111011001001111
In base 12, what is -123a436 + -3?
-123a439
In base 10, what is -102 - 1955293?
-1955395
In base 11, what is 6a4 - 203183?
-20258a
In base 2, what is 11101110110010010001 + -10?
11101110110010001111
In base 13, what is 22230ab7 - 2?
22230ab5
In base 8, what is 1107277 - 105?
1107172
In base 5, what is 300 + -22020202?
-22014402
In base 13, what is 5 + -1c94b6?
-1c94b1
In base 11, what is 3 - 574a838?
-574a835
In base 2, what is 11110000 + 110000000000001100?
110000000011111100
In base 3, what is -102112002010021 + -1012?
-102112002011110
In base 8, what is -2663612634 - 3?
-2663612637
In base 7, what is -3361 - 5430?
-12121
In base 6, what is -4133215 - 202?
-4133421
In base 10, what is -1304 - 8792?
-10096
In base 7, what is -431 - -112224?
111463
In base 12, what is -40 + -98a64?
-98aa4
In base 5, what is -11 - 344121203?
-344121214
In base 16, what is -3 + 29b824?
29b821
In base 10, what is -1 - 128698563?
-128698564
In base 6, what is 140012 + 31005?
211021
In base 9, what is 5600257 - -15?
5600273
In base 9, what is 842 + 15534?
16476
In base 5, what is -3 - 2021140130?
-2021140133
In base 7, what is -353 - 11642023?
-11642406
In base 6, what is 2 - 110104324?
-110104322
In base 4, what is -12000220212323 - -10?
-12000220212313
In base 6, what is -10 + -145023414?
-145023424
In base 11, what is -801 - 1228a?
-12a90
In base 3, what is -22202020220202 + 12?
-22202020220120
In base 8, what is -144 - -1435405?
1435241
In base 2, what is -10110001101100100 + -11001?
-10110001101111101
In base 13, what is -2c3788 - -58?
-2c3730
In base 16, what is -a66 - 38b3?
-4319
In base 7, what is 105 - -53320252?
53320360
In base 9, what is -3856102 - 24?
-3856126
In base 4, what is 3211 - 10003002?
-3333131
In base 9, what is -13 - -2432558?
2432545
In base 15, what is 2b - 3b7eae?
-3b7e83
In base 3, what is 12021 - -1120010101?
1120022122
In base 8, what is 7422665515 - -1?
7422665516
In base 10, what is 21 - -363404?
363425
In base 4, what is -211010232003221 + -11?
-211010232003232
In base 9, what is -2050 - 44636?
-46686
In base 11, what is 3a + -810a8?
-81069
In base 9, what is 326 + 3204048?
3204375
In base 3, what is -20101010 + -100221121?
-121022201
In base 3, what is 2200211110021 - -12200?
2200211122221
In base 5, what is -224120231 + -4421?
-224130202
In base 3, what is 10202 + -20010200201?
-20010112222
In base 10, what is -3790 + -2348?
-6138
In base 8, what is -157 - 767?
-1146
In base 4, what is 101 + -1110002311222?
-1110002311121
In base 16, what is -5 - -b6e9ac9?
b6e9ac4
In base 13